{"id":20,"date":"2019-03-05T23:11:25","date_gmt":"2019-03-05T22:11:25","guid":{"rendered":"http:\/\/psnv-sigmaringen.de\/?page_id=20"},"modified":"2025-12-21T15:20:23","modified_gmt":"2025-12-21T14:20:23","slug":"notfallseelorge","status":"publish","type":"page","link":"https:\/\/nfs-sigmaringen.de\/?page_id=20","title":{"rendered":"Notfallseelorge"},"content":{"rendered":"\n<h2 class=\"wp-block-heading\">Psychosoziale Notfallversorgung &#8211; Betroffene- PSNV-B <\/h2>\n\n\n\n<p>Notfallseelsorge bzw. Psychosoziale Notfallversorgung f\u00fcr Betroffene (PSNV-B) ist ein ganzheitliches und interreligi\u00f6ses Angebot f\u00fcr Menschen in Notf\u00e4llen. Seelsorge bedeutet hier Begegnung und mitmenschliche Annahme. Die NotfallseelsorgerInnen wollen Beistand geben, Angst abbauen, Trost spenden, begleiten und helfen innere St\u00e4rken wieder zu finden.<\/p>\n\n\n\n<figure class=\"wp-block-image size-large\"><img decoding=\"async\" width=\"1024\" height=\"768\" src=\"https:\/\/nfs-sigmaringen.de\/wp-content\/uploads\/2024\/10\/P1200852-1024x768.jpg\" alt=\"\" class=\"wp-image-3692\" srcset=\"https:\/\/nfs-sigmaringen.de\/wp-content\/uploads\/2024\/10\/P1200852-1024x768.jpg 1024w, https:\/\/nfs-sigmaringen.de\/wp-content\/uploads\/2024\/10\/P1200852-300x225.jpg 300w, https:\/\/nfs-sigmaringen.de\/wp-content\/uploads\/2024\/10\/P1200852-768x576.jpg 768w, https:\/\/nfs-sigmaringen.de\/wp-content\/uploads\/2024\/10\/P1200852-1536x1152.jpg 1536w, https:\/\/nfs-sigmaringen.de\/wp-content\/uploads\/2024\/10\/P1200852-2048x1536.jpg 2048w\" sizes=\"(max-width: 767px) 89vw, (max-width: 1000px) 54vw, (max-width: 1071px) 543px, 580px\" \/><\/figure>\n\n\n\n<p>Ziel ist es, Betroffenen, Beteiligten und Angeh\u00f6rigen zu helfen, in Notf\u00e4llen den ersten Schock zu \u00fcberwinden und sie darin zu unterst\u00fctzen, mit der Verarbeitung des Erlebten zu beginnen. Auf diese Weise soll \u00dcberreaktionen entgegengewirkt und weitere Gefahren abgewendet werden. Die Begleitung in dieser ersten Phase soll den Menschen erm\u00f6glichen, dass sie den einsetzenden Trauerprozess besser annehmen k\u00f6nnen und durch pr\u00e4ventive Ma\u00dfnahmen die Intensit\u00e4t und Dauer der Belastungsreaktionen abgeschw\u00e4cht wird.<\/p>\n\n\n\n<figure class=\"wp-block-image size-large\"><img decoding=\"async\" width=\"2018\" height=\"1415\" src=\"https:\/\/nfs-sigmaringen.de\/wp-content\/uploads\/2019\/03\/einsatzbegleitung2.jpg\" alt=\"\" class=\"wp-image-361\" srcset=\"https:\/\/nfs-sigmaringen.de\/wp-content\/uploads\/2019\/03\/einsatzbegleitung2.jpg 2018w, https:\/\/nfs-sigmaringen.de\/wp-content\/uploads\/2019\/03\/einsatzbegleitung2-300x210.jpg 300w, https:\/\/nfs-sigmaringen.de\/wp-content\/uploads\/2019\/03\/einsatzbegleitung2-768x539.jpg 768w, https:\/\/nfs-sigmaringen.de\/wp-content\/uploads\/2019\/03\/einsatzbegleitung2-1024x718.jpg 1024w\" sizes=\"(max-width: 767px) 89vw, (max-width: 1000px) 54vw, (max-width: 1071px) 543px, 580px\" \/><figcaption class=\"wp-element-caption\"><br>Einsatzbegleitung und warten auf das \u00dcberbringen der Todesnachricht, das gemeinsam mit der Polizei erfolgt.<\/figcaption><\/figure>\n\n\n\n<p>Die NotfallseelsorgerInnen werden bei folgenden Indikationen verst\u00e4rkt hinzu gerufen: schwere Verkehrsunf\u00e4lle, pl\u00f6tzliche Todesf\u00e4lle, Selbstt\u00f6tung oder Selbstt\u00f6tungs-versuche, \u00dcberbringung von Todesnachrichten oder Brandeins\u00e4tze.<\/p>\n\n\n\n<p>Die NotfallseelsorgerInnen bleiben vor Ort bis die Betroffenen in einem stabilen Zustand sind oder die Betreuung anderweitig gew\u00e4hrleistet ist. Die Betreuung von Betroffenen oder Angeh\u00f6rigen ist in der Regel eine einmalige Begleitung, bei welcher abschlie\u00dfend i.d.R. eine Vermittlung an \u00f6rtliche SeelsorgerInnen, Beratungsstellen oder Selbsthilfegruppen stattfindet.<\/p>\n\n\n\n<figure class=\"wp-block-image size-large\"><img decoding=\"async\" width=\"1024\" height=\"614\" src=\"https:\/\/nfs-sigmaringen.de\/wp-content\/uploads\/2025\/12\/psnv-sigmaringen-1024x614.jpg\" alt=\"\" class=\"wp-image-4825\" srcset=\"https:\/\/nfs-sigmaringen.de\/wp-content\/uploads\/2025\/12\/psnv-sigmaringen-1024x614.jpg 1024w, https:\/\/nfs-sigmaringen.de\/wp-content\/uploads\/2025\/12\/psnv-sigmaringen-300x180.jpg 300w, https:\/\/nfs-sigmaringen.de\/wp-content\/uploads\/2025\/12\/psnv-sigmaringen-768x460.jpg 768w, https:\/\/nfs-sigmaringen.de\/wp-content\/uploads\/2025\/12\/psnv-sigmaringen-1536x921.jpg 1536w, https:\/\/nfs-sigmaringen.de\/wp-content\/uploads\/2025\/12\/psnv-sigmaringen.jpg 2000w\" sizes=\"(max-width: 767px) 89vw, (max-width: 1000px) 54vw, (max-width: 1071px) 543px, 580px\" \/><figcaption class=\"wp-element-caption\">\u00dcberbringung der Todesnachricht mit der Polizei<\/figcaption><\/figure>\n<div style=\"display:flex; gap:10px;justify-content:center\" class=\"wps-pgfw-pdf-generate-icon__wrapper-frontend\">\n\t\t<a  href=\"https:\/\/nfs-sigmaringen.de?action=genpdf&amp;id=20\" class=\"pgfw-single-pdf-download-button\" ><img src=\"https:\/\/nfs-sigmaringen.de\/wp-content\/plugins\/pdf-generator-for-wp\/admin\/src\/images\/PDF_Tray.svg\" title=\"Generate PDF\" style=\"width:auto; height:45px;\"><\/a>\n\t\t<\/div>","protected":false},"excerpt":{"rendered":"<p>Psychosoziale Notfallversorgung &#8211; Betroffene- PSNV-B Notfallseelsorge bzw. Psychosoziale Notfallversorgung f\u00fcr Betroffene (PSNV-B) ist ein ganzheitliches und interreligi\u00f6ses Angebot f\u00fcr Menschen in Notf\u00e4llen. Seelsorge bedeutet hier Begegnung und mitmenschliche Annahme. Die NotfallseelsorgerInnen wollen Beistand geben, Angst abbauen, Trost spenden, begleiten und helfen innere St\u00e4rken wieder zu finden. Ziel ist es, Betroffenen, Beteiligten und Angeh\u00f6rigen zu helfen, &hellip; <\/p>\n<p class=\"link-more\"><a href=\"https:\/\/nfs-sigmaringen.de\/?page_id=20\" class=\"more-link\"><span class=\"screen-reader-text\">\u201eNotfallseelorge\u201c <\/span>weiterlesen<\/a><\/p>\n","protected":false},"author":1,"featured_media":4828,"parent":0,"menu_order":0,"comment_status":"closed","ping_status":"closed","template":"","meta":{"ngg_post_thumbnail":0,"footnotes":""},"class_list":["post-20","page","type-page","status-publish","has-post-thumbnail","hentry"],"_links":{"self":[{"href":"https:\/\/nfs-sigmaringen.de\/index.php?rest_route=\/wp\/v2\/pages\/20","targetHints":{"allow":["GET"]}}],"collection":[{"href":"https:\/\/nfs-sigmaringen.de\/index.php?rest_route=\/wp\/v2\/pages"}],"about":[{"href":"https:\/\/nfs-sigmaringen.de\/index.php?rest_route=\/wp\/v2\/types\/page"}],"author":[{"embeddable":true,"href":"https:\/\/nfs-sigmaringen.de\/index.php?rest_route=\/wp\/v2\/users\/1"}],"replies":[{"embeddable":true,"href":"https:\/\/nfs-sigmaringen.de\/index.php?rest_route=%2Fwp%2Fv2%2Fcomments&post=20"}],"version-history":[{"count":23,"href":"https:\/\/nfs-sigmaringen.de\/index.php?rest_route=\/wp\/v2\/pages\/20\/revisions"}],"predecessor-version":[{"id":4845,"href":"https:\/\/nfs-sigmaringen.de\/index.php?rest_route=\/wp\/v2\/pages\/20\/revisions\/4845"}],"wp:featuredmedia":[{"embeddable":true,"href":"https:\/\/nfs-sigmaringen.de\/index.php?rest_route=\/wp\/v2\/media\/4828"}],"wp:attachment":[{"href":"https:\/\/nfs-sigmaringen.de\/index.php?rest_route=%2Fwp%2Fv2%2Fmedia&parent=20"}],"curies":[{"name":"wp","href":"https:\/\/api.w.org\/{rel}","templated":true}]}}